ate the highest common divisor of x and 14.
14
Let d = -87 - -116. What is the greatest common divisor of d and 29?
29
Suppose -n = -0*n - s - 15, 0 = -3*n - 2*s + 30. What is the highest common divisor of n and 132?
12
Suppose 9 = d - k, 4*d - k = 2*d + 16. Calculate the greatest common divisor of 63 and d.
7
Let w be 12/32 + (-303)/(-24). Calculate the highest common divisor of 65 and w.
13
Suppose -3*n + q + 34 = 0, 4*n + 3 - 59 = -4*q. Calculate the highest common factor of 30 and n.
6
Let o = -34 + 54. Suppose -2*x + 128 = 2*l, 37 = 3*x + l - 147. What is the greatest common divisor of o and x?
20
Let m(o) = 3*o + 7. Let z(j) = 7*j + 14. Let s(u) = 5*m(u) - 3*z(u). Let t be s(-7). Calculate the greatest common factor of 14 and t.
7
Suppose -2*w = w - 6. Let q(m) = 3*m**3 + m**2 - 2*m + 3. Let s be q(w). Suppose 0*a - 18 = -a. What is the greatest common divisor of s and a?
9
Let t(n) = n + 4. Let d be t(3). Let l(z) = -z**3 + 9*z**2 - z + 7. Let i be l(8). Calculate the greatest common divisor of d and i.
7
Let n be (37/(-2) + 3)/((-5)/10). Calculate the greatest common factor of n and 217.
31
Suppose 4*z - 8*z = -180. Calculate the highest common divisor of z and 9.
9
Suppose m = -2*n - 0*m + 15, 4*n = -3*m + 27. Calculate the greatest common divisor of 81 and n.
9
Suppose 0*q = 2*q - 4. Suppose 0 = -m - 1, 3*m - 96 = -q*p + 121. What is the highest common factor of 22 and p?
22
Let c(p) = -2*p - 22. Let a be c(-13). What is the highest common factor of 34 and a?
2
Suppose 9*p - 14 - 13 = 0. What is the greatest common factor of 3 and p?
3
Let d = -21 - -56. Suppose 0 = 3*b - 39. Let m = b - 6. Calculate the highest common factor of d and m.
7
Let l = 4 + -3. Suppose -5*u - 2*m + 51 = 0, 2*u = 6*u + 2*m - 42. What is the greatest common divisor of u and l?
1
Suppose h + 4*q = 42, -2*h + 3*h - 27 = q. Calculate the highest common divisor of 12 and h.
6
Let i = -28 + 31. Calculate the highest common factor of 48 and i.
3
Suppose -j - 7 = -5*o + 13, 5*o = 3*j + 10. Let r(w) = 13*w**2 - 7*w - 2. Let t be r(o). Suppose t = 3*s + s. Calculate the highest common divisor of s and 12.
12
Let j = -55 - -115. Suppose -8*d = -4*d - 16. Suppose -q = d*q - 50. Calculate the highest common factor of j and q.
10
Let o = -49 - -57. Let s(h) = -72*h + 5. Let y be s(-6). Suppose -f + 4 = -g + 91, -5*g = -3*f - y. Calculate the highest common factor of o and g.
8
Suppose -4*m = -7*m + 12. What is the highest common factor of m and 2?
2
Let b(i) = i + 1 - 1 - 2*i + 8*i**2 - 1. Let q be b(-2). What is the greatest common factor of 22 and q?
11
Let u = 46 + 42. What is the greatest common factor of u and 8?
8
Suppose 0 = 4*o - 3*c - 18 + 78, -5*o = -4*c + 76. Let j be 184/10 - o/(-30). Calculate the highest common factor of j and 2.
2
Let v(g) = -g**2 - 10*g - 10. Let o be v(-6). What is the greatest common factor of o and 35?
7
Suppose 2*q - 2*i - 18 = 0, -5*q + 2*i = i - 45. Let g(p) = p**2 + 4 - 2*p**2 + 2 - 5 - 6*p. Let z be g(-4). What is the highest common divisor of q and z?
9
Let h(d) = -d**2 - 3*d + 2. Let p be h(-3). Let n = 46 - 28. What is the highest common divisor of p and n?
2
Suppose l + 2*b + 3 = 0, -5*b = l + 3*l. Suppose 0 = -2*g + l*g. Suppose 5 + g = k. What is the greatest common divisor of 55 and k?
5
Let l = -28 - -34. Let a = -1 - -4. Suppose 1 = -a*c + 10. Calculate the greatest common factor of c and l.
3
Let j = 27 - 20. Let h be (-250)/(-14) + 1/j. What is the greatest common divisor of h and 198?
18
Let p be (-3 - 45/(-20))/((-1)/36). Calculate the greatest common divisor of 18 and p.
9
Let x = 3 - 0. Suppose 0 = -8*b + x*b + 360. Calculate the highest common divisor of b and 8.
8
Suppose -5*j + 4*n + 32 = -3*j, 2*n = -j - 4. Let x(d) = d**2 - 6*d + 2. Let c be x(6). Suppose -2 = c*p - 6. What is the highest common divisor of p and j?
2
Let l = 15 + 18. Suppose 5*y = 113 - l. Calculate the greatest common factor of y and 48.
16
Suppose -4*b + 16 = 3*c, -4*c + 13 = 5*b - 10. Suppose 5*h = h + 356. Suppose -u + h = -43. Calculate the highest common divisor of c and u.
12
Let d(z) = z**2 + 11*z + 19. Let a be d(-9). What is the greatest common divisor of 5 and a?
1
Suppose o + 5*l = 1 + 1, -3*o = -2*l - 6. Suppose -o*x + 274 = 94. What is the greatest common divisor of 10 and x?
10
Let v be 2*1 + -5 + 3. Let l be (v - -3) + 30/3. Calculate the greatest common factor of l and 26.
13
Suppose 8 = -u + 30. Let z be 112/5 - (-4)/(-10). Calculate the greatest common divisor of u and z.
22
Let z(a) = a**3 - 3*a**2 + a - 2. Let y be z(3). Let v = -1 - -3. Suppose -v*b + 0 = -8. Calculate the highest common factor of b and y.
1
Let f(r) = 10*r**3 + r**2 - 3*r + 1. Let l be f(2). Suppose 5 - l = -b - 3*h, -4*h = 4. Calculate the greatest common factor of b and 7.
7
Suppose -z + 12 = z. Suppose 60 = 3*a + z. What is the greatest common divisor of a and 72?
18
Suppose 2*j = -4 - 4, 3*v + 5*j = -26. Let f be 1 + -1*(-42 + v). Let t = -9 - -18. What is the greatest common factor of f and t?
9
Let r be 1/(-5)*(-5)/1. Let s(l) = 105*l. Let a be s(r). What is the greatest common factor of 15 and a?
15
Let h be -5*(-9)/((-45)/(-4)). Suppose -16 = -h*v + 24. Calculate the greatest common factor of v and 2.
2
Let p = 4 + 61. Calculate the highest common factor of 13 and p.
13
Suppose -3*d - 2*d = 25. Let c be 1 - -50 - (-8 - d). Suppose 66 = 2*a - 3*g - 63, -c = -a - 2*g. Calculate the highest common divisor of a and 15.
15
Let i(p) = 3*p**2 - 10*p - 1. Let a be i(-5). What is the highest common factor of 31 and a?
31
Let p = 203 + -140. Let l(u) be the second derivative of 2*u**4/3 + u**3/3 - u**2/2 + 2*u. Let n be l(1). Calculate the greatest common divisor of n and p.
9
Let w(i) = -2*i + 1. Let l be w(-2). Suppose v = -2*d - 2*d + 93, 5*d - 110 = l*v. Calculate the highest common factor of d and 69.
23
Suppose 0 = -k + 136 + 48. Calculate the highest common divisor of k and 23.
23
Suppose -3*b + 2*k = -62, -2*b - 2*k + 35 = -3. What is the greatest common factor of 220 and b?
20
Let t be ((-24)/(-10) + -2)*10. Suppose 0 = t*d - 10 - 10. Calculate the greatest common divisor of 2 and d.
1
Let i = 8 - 6. Suppose -n - i*n = -9. Suppose -96 = -4*w + 5*z, 0 = -2*w - 4*z + 16 + 32. Calculate the greatest common divisor of n and w.
3
Suppose 4 = 3*u - 20. Calculate the greatest common factor of u and 88.
8
Let b be (-3)/3 - 381/3. Let i be 5/((-20)/b) - 2. What is the highest common divisor of 15 and i?
15
Suppose 0 = 8*f - 11*f + 240. Let a be (4/10)/(1/25). What is the greatest common divisor of f and a?
10
Suppose 0 = -d - 6 + 22. Let y(a) = a**3 + 8*a**2 - a + 2. Let n be y(-6). What is the highest common divisor of d and n?
16
Let x(v) = 5*v + 5 - 4*v + 0*v - 6*v. Let d be x(-6). Let c = 23 - 9. What is the greatest common factor of d and c?
7
Suppose 4*k + 4 = 5*a - 1151, 924 = 4*a - 5*k. Calculate the greatest common divisor of 21 and a.
21
Let z = 11 - -21. What is the greatest common factor of z and 288?
32
Suppose -89 + 305 = 4*a. Let o(v) = -2*v - 6. Let s be (-3)/(6/4) - 4. Let y be o(s). Calculate the highest common factor of a and y.
6
Let m be 286/6 + 2/6. Calculate the greatest common divisor of 32 and m.
16
Let k = 10 - -8. What is the greatest common factor of k and 12?
6
Let d = -3 + 5. Let l be (-1)/(1 - 3/d). Suppose 2*v + 6 = 0, 0 = i + v - 6*v - 21. Calculate the highest common factor of l and i.
2
Let g = 87 - -13. Suppose 72 = 4*x + 2*t, -5*t + 8 + 12 = 2*x. Calculate the greatest common factor of g and x.
20
Let s be 56/3*(-21)/(-4). Let b = 145 - s. Suppose -4*q - 16 = 5*z - 6*z, -q = 4*z - b. Calculate the greatest common factor of 12 and z.
12
Suppose 12 + 76 = 2*p. Suppose 0 = 2*i - 2*n - n - p, 4*i = 2*n + 88. Calculate the greatest common factor of 11 and i.
11
Suppose -l + 98 = 2*u, 38 = u - 5*l - 0*l. Calculate the greatest common factor of u and 16.
16
Suppose -2*a - x - x + 18 = 0, -3*x + 20 = 2*a. What is the highest common factor of 28 and a?
7
Let l be (-5)/(-3)*3 - 1. Suppose -136 = -0*b - l*b. Let f = b + -23. Calculate the greatest common factor of f and 22.
11
Let c be ((-30)/4)/(21/(-84)). Calculate the greatest common divisor of c and 120.
30
Let o = 37 + -23. Let l be (-40)/(-2)*(-9)/(-18). Let i be l + (0 